, 5, 157
Suppose -7*u - 498 = -3*p - 4*u, 3*u = p - 158. Let a = 242 - p. What are the prime factors of a?
2, 3
Let v(p) = 3*p**3 + 9*p**2 - 10*p - 10. What are the prime factors of v(5)?
2, 3, 5
Let x(j) = -j - 6. Let v be x(0). Let h be (v - -6)*(-2)/(-4). Suppose -2 = -l + 1, -5*a - 5*l + 50 = h. List the prime factors of a.
7
Let g(f) = 5*f**2 - 4*f + 30. List the prime factors of g(-6).
2, 3, 13
Let l(v) = v. Let p(d) = -5*d + 16. Let y(o) = 4*l(o) + p(o). Let k be y(9). Let z(t) = -t**3 + 7*t**2 + 6*t - 7. List the prime factors of z(k).
5, 7
Suppose -6*f + f - 4*r + 12035 = 0, f - r = 2407. What are the prime factors of f?
29, 83
Let z = -66 + 96. Let k = -28 + z. What are the prime factors of (k/(-4))/((-5)/100)?
2, 5
Suppose 2156 = 17*n - 6667. What are the prime factors of n?
3, 173
Suppose 8*d + 102 = 2*d. Let o(a) = -a**2 - 25*a - 22. List the prime factors of o(d).
2, 3, 19
Suppose 3*r - 14561 = 2*y, 2*r - 9*y = -6*y + 9714. What are the prime factors of r?
3, 7, 11
Suppose 2*g + 378 = -3*w + 8160, -g - 5*w = -3884. List the prime factors of g.
2, 3, 11, 59
Suppose b - 2*z - 825 = 0, 4*z - 843 = -b - 0*z. List the prime factors of b.
3, 277
Suppose -110*a + 159694 = -2446. List the prime factors of a.
2, 11, 67
What are the prime factors of -7 + 1/(3/2301)?
2, 5, 19
Let a(h) = h**3 + 7*h**2 + 4*h - 6. Let v(r) = 3*r + 1. Let b be v(-7). Let o = 15 + b. List the prime factors of a(o).
2, 3
Let p = 663 - 361. What are the prime factors of p?
2, 151
Let z(g) = -g**2 - 8*g + 8. Let n be z(-6). Let b = n + -24. What are the prime factors of 12/b + 0 + 30?
3
Let g(i) = 38*i**2 - 2*i + 9. What are the prime factors of g(2)?
157
Let a(h) = 2*h - 1. Let w be (-40)/(-16)*(3 - 1). List the prime factors of a(w).
3
Suppose 3*j - 79 = -112. Let f(s) = s**3 + 10*s**2 - 20*s + 16. List the prime factors of f(j).
5, 23
Let x(y) be the third derivative of -6*y**2 + 1/4*y**4 - 1/20*y**5 + 0 - 1/120*y**6 + 0*y + 3/2*y**3. What are the prime factors of x(-5)?
29
Let u(j) be the second derivative of -2*j**2 + 0 - 5/6*j**3 + 1/20*j**5 - 1/4*j**4 - 12*j. List the prime factors of u(5).
3, 7
Let o be 1 - (-182 - (2 + -3)). Suppose -4*v + 250 = -2*f, f - o = -3*v - 3*f. Suppose -21 = -4*u + 5*r + v, -2*r = -u + 17. List the prime factors of u.
3
Suppose -4*n = -0*n - 492. Suppose 5*t - n = 97. List the prime factors of t.
2, 11
Let y = 76 - 58. What are the prime factors of y - 18 - (-296 - -2)/2?
3, 7
Let y(q) = -4*q**2 + 11 + 4*q + 5*q**2 - 7. Let l be y(-4). Suppose -2*g + 4*n - 2*n = -28, l*g + 3*n - 42 = 0. List the prime factors of g.
2, 3
Let l(p) = 4*p**2 - 24*p + 24. List the prime factors of l(7).
2, 13
Suppose 11*s - 1533 = 8*s + 3*v, -2*s = 5*v - 1022. List the prime factors of s.
7, 73
List the prime factors of (-2)/((-7)/((-12621)/(-2))).
3, 601
Let h(u) = u**3 + 11*u**2 + 8*u + 5. Let m be ((-2)/(-4))/(1/14). Suppose -2*y - 3*s = -m*s + 32, -3*s = -4*y - 49. What are the prime factors of h(y)?
5
List the prime factors of 1358/49 - (4 + 120/(-28)).
2, 7
Suppose -9*f + 8598 - 1866 = 0. List the prime factors of f.
2, 11, 17
Let j(h) = 3*h**2 - 4*h - 8. Let c = -11 + 15. Let o be j(c). Suppose 3*w = -12 + o. What are the prime factors of w?
2
Let y = 5 + -11. What are the prime factors of -1*(y + 3 - -1)?
2
Suppose -5*s = -2*x - x - 35, -10 = 2*x. Suppose 688 = s*t - 264. What are the prime factors of t?
2, 7, 17
Let w be (-5 - -4)*(-174 - 3). Suppose -4*s - w = -7*s. What are the prime factors of s?
59
Suppose 0 = -c + t + 11, 0 = -3*t - 2 - 7. Let i(z) = -80*z**3 + 7 - 15*z + 79*z**3 - 2 - c*z**2. What are the prime factors of i(-7)?
61
List the prime factors of 223355/(-31)*(1 - 7/5).
2, 11, 131
Let c = 19 - 17. Let p(l) = 3*l**3 + 12 + 3*l - 2*l**3 - c*l**2 - 3*l**2. What are the prime factors of p(5)?
3
Suppose 15*u - 10*u = 125. What are the prime factors of (-4)/(-1) + 0 - (1 - u)?
2, 7
Suppose 2*d - 5*t + 3 = 0, d + 24 = -t - t. Let a = 10 - d. Let z = a - 1. What are the prime factors of z?
23
Let f(u) = 86*u + 168. List the prime factors of f(16).
2, 193
Let o = -1350 - -2859. What are the prime factors of o?
3, 503
Suppose 22*b = 23*b - 18. Suppose 16*t = 18*t - b. What are the prime factors of t?
3
Let f(l) = 7*l - 2. Let m(j) = -j - 1. Let k(h) = -f(h) + 6*m(h). What are the prime factors of k(-6)?
2, 37
Let r(d) = -d**2 - 14*d - 13. Let a be r(-13). Suppose a = -50*y + 49*y + 189. What are the prime factors of y?
3, 7
Let p(i) = -768*i**3 - i**2 - i. What are the prime factors of p(-1)?
2, 3
Suppose 300 = 2*c - 3*l - 2*l, 5*c + 2*l - 692 = 0. Let k be (-15)/(23/20 + -1). Let b = k + c. List the prime factors of b.
2, 5
Suppose 23*w - 6 = 20*w. Suppose c + 0 = 3*h + w, -5*c + h = -66. What are the prime factors of c?
2, 7
Let b(g) = 12*g**2 + 1 - 2*g + 3*g + 4*g**3 - 7 - 9*g**2. List the prime factors of b(2).
2, 5
Suppose 3*x - 4128 = -4*t, t + 2013 + 728 = 2*x. List the prime factors of x.
2, 7
Suppose 3*h = -2*i + 15706, 2*i + 1550 = 2*h - 8904. What are the prime factors of h?
2, 3, 109
Suppose -1 = 2*s + 1, -b - s + 427 = 0. What are the prime factors of b?
2, 107
Let j = 7 - 10. Let k be j*((0 - 0) + -1). Suppose 248 = 5*d - 2*y, -141 = -k*d - y - 1. List the prime factors of d.
2, 3
Suppose 9 - 9 = -2*d. Suppose d = 4*p - 736 + 256. List the prime factors of p.
2, 3, 5
Suppose -j = 4*j - 10. Suppose 4*u = -2*v + 24, j*v = -2*v + 2*u + 8. What are the prime factors of v?
2
What are the prime factors of (-2824)/(-56) + (-8)/(-14)?
3, 17
List the prime factors of 1 + 1102/18 + (-42)/189.
2, 31
What are the prime factors of (175 + -211)/(2/(-187))?
2, 3, 11, 17
Let t(q) = -q + 5. Let r be t(5). Suppose -3*m + r*m = -72. What are the prime factors of m?
2, 3
Let g(h) = -3*h. Let m be g(-4). Let j = m - 22. Let v = j + 13. List the prime factors of v.
3
Let u(j) = j**2 - 2*j + 4. Let t be u(0). Suppose -2*p + 92 = 5*h, -149 = -t*p + h - 9. What are the prime factors of p?
2, 3
Suppose t - 2*n - 112 = -3*n, t + 3*n - 102 = 0. List the prime factors of t.
3, 13
Suppose -j - 3 = 0, -200 = -d + 5*j + 445. List the prime factors of d.
2, 3, 5, 7
Let w(t) = 0*t - t - 2*t + 4. Let b be w(-11). Let n = -4 + b. List the prime factors of n.
3, 11
Suppose -5*y + 3410 = -4*q, 3*y = 3*q + 985 + 1058. List the prime factors of y.
2, 7
Suppose 3*h - 2*g = -16, 3*h = -0*g + 3*g - 18. Let m be (h + 3 - -1)/(-1). Suppose 5*x + m*x = 20. List the prime factors of x.
2
Let v = 529 - 234. What are the prime factors of v?
5, 59
Suppose 2*x + 5*s = 404, 0*s + 1029 = 5*x + 3*s. Let p be 2 - 21/9 - (-14)/6. Suppose 0 = y + p*y - x. What are the prime factors of y?
3, 23
Let k = -136 - -415. List the prime factors of k.
3, 31
Let q = 155 - 155. Suppose j + 2 - 75 = q. What are the prime factors of j?
73
Let k be (-6)/(-27) - 136/(-36). Let u be (-1)/(k/(-4)) + 4. Suppose -2*a - u*v = -a - 41, -a + 5*v = -41. What are the prime factors of a?
41
Let x(t) = t**3 + 13*t**2 + 22*t + 5. Let h be x(-11). Suppose -c - 5*z = -78, 375 - 15 = h*c - 5*z. List the prime factors of c.
73
Let f be (2 + -8*1)/(9/30). Let n = f + 30. List the prime factors of n.
2, 5
Let m(t) = -t**3 + 4*t**2 - 2*t - 1. Let s be m(3). Suppose -s*k = 2*k - 28. Suppose -k*w = -2*w - 95. What are the prime factors of w?
19
Let o(k) = -k - 24. Let a be o(-21). What are the prime factors of (a - (-6)/5)*-5?
3
Let r = 0 + -7. Let p(g) be the third derivative of -g**4/6 - 8*g**3/3 - g**2. List the prime factors of p(r).
2, 3
List the prime factors of (452/3)/((-50)/(-75)).
2, 113
Suppose -19*c - o = -20*c + 1934, -5792 = -3*c + 5*o. What are the prime factors of c?
7, 277
Suppose j = -5, j - 3 - 2 = -5*h. Suppose -5*d + 4*i + 36 = -67, -2*i = -h*d + 42. What are the prime factors of d?
19
Suppose -6*i = -7*i + 2. Suppose i*n - 5*n = -90. Let w = -1 + n. What are the prime factors of w?
29
Let a(u) = 14*u**3 + 2*u**2 + 2*u. Let c be a(-1). List the prime factors of 12*9*c/(-28).
2, 3
Let n(m) = -m**2 - 5*m + 3. Let a be n(-5). Suppose -a*u + 13*u - 520 = 0. List the prime factors of u.
2, 13
Let q(z) = 97*z - 132. What are the prime factors of q(6)?
2, 3, 5
Let x = -709 - -23. List the prime factors of 1 - (x/8 - 1/4).
3, 29
Suppose q + 16 = -3*x - 23, -2 = 2*x. Let k = q - -82. List the pri